be z(-1). Calculate the highest common divisor of t and v.
4
Let w be (-4)/3 - 98/(-6). Suppose 3*l + w = 99. Let t(i) = -i**3 - 5*i**2 - 4*i + 4. Let j be t(-4). What is the greatest common factor of j and l?
4
Let q(s) = 10*s. Let j be q(2). Let u = j + -14. Let v be 4/u*(0 - -18). Calculate the greatest common factor of 108 and v.
12
Suppose 5*y + 155 = 5*b, y = -3*b - y + 68. Calculate the highest common divisor of b and 13.
13
Let s be (-26)/(-4*(-1)/(-6)). What is the highest common factor of 26 and s?
13
Let y be 36 + (-1 - -2) - 3. What is the greatest common factor of 272 and y?
34
Let l be (7 + -2)*(1 - 0). Suppose -5*k + 57 = w + 6, 0 = -k - l*w + 15. What is the highest common divisor of k and 110?
10
Suppose -4*d - 676 = -2440. Calculate the highest common divisor of d and 49.
49
Suppose t + 3 = -4*c + 2*t, 0 = -3*c - 4*t + 12. Suppose -m = -c*m - 21. What is the highest common factor of 231 and m?
21
Suppose 5*d - 146 = -2*f - 0*f, 0 = 2*d - 3*f - 47. Calculate the highest common divisor of 140 and d.
28
Let l(a) = 6*a - 4. Let o be l(6). What is the greatest common factor of o and 16?
16
Let d = -2 + 23. Suppose 4*u - 7 = 3*u. What is the highest common factor of u and d?
7
Suppose -2*n + 53 = 5*w, -w - 13 = -2*n + 2*w. Calculate the greatest common divisor of 7 and n.
7
Suppose -y = -4*y + 21. Let n = 17 + -14. Suppose 0*u = -n*u + 147. What is the greatest common divisor of y and u?
7
Let j = 38 + -26. What is the highest common factor of 60 and j?
12
Let b be (-1533)/(-27) + (-4)/(-18). Suppose -3*h - 152 = -7*h. What is the greatest common divisor of b and h?
19
Suppose 0*s - 5*s - 4*u + 48 = 0, -3*s - 2*u = -28. Let m be 4/(s/14) - 3. Calculate the highest common divisor of m and 16.
4
Suppose 0 = -u - 0*j + 5*j + 40, -3*u + 5*j + 140 = 0. Calculate the greatest common factor of 25 and u.
25
Let h be (12/8)/(1/(-2)). Let m = -1 - h. What is the highest common divisor of m and 18?
2
Let d(x) = -3*x + 0*x + 7*x. Let n be d(1). Suppose -4*l = -2*q - 26, -3*l - n = -2*q - 22. What is the greatest common factor of l and 56?
8
Let a(f) = 4*f + 1. Let i(y) = -6*y + 2*y + 3*y. Let n(c) = 4*a(c) + 14*i(c). Let v be n(8). What is the greatest common divisor of 8 and v?
4
Let h(y) = -2*y + 19. Let d be h(6). Let i = 1 - 0. What is the greatest common divisor of d and i?
1
Suppose -4*c + 5 - 1 = 0. Suppose -s = -1 - c. Calculate the greatest common divisor of 1 and s.
1
Let d be (-42)/(-9) - 9/(-27). What is the greatest common divisor of d and 65?
5
Let t = -10 - -19. Suppose 3*k + k + 42 = -3*l, -9 = 3*k. Let r be ((-24)/l)/((-16)/(-40)). What is the greatest common factor of r and t?
3
Let k be 8 - 1 - (-2)/2. Suppose 2*a = 0, 5*r + 5*a - 31 + 91 = 0. Let i = r - -24. Calculate the highest common divisor of k and i.
4
Suppose 4*q = 7*q - 12. Suppose q*r + 0*r = 60. Suppose 2*n = 4*a - 4, 5*n - r = -a + 6*a. Calculate the greatest common divisor of n and 88.
8
Let v be 9/((-36)/(-8))*9. What is the greatest common factor of v and 18?
18
Suppose -22*p + 25*p = 57. Calculate the greatest common divisor of 171 and p.
19
Let k = -31 + 37. Suppose -44 = -4*d + z, -4*d + 8 = -3*d - z. Calculate the highest common factor of d and k.
6
Let h(z) be the third derivative of -z**5/60 - z**4/24 + 25*z**3/6 + 4*z**2. Let f be h(0). Calculate the highest common divisor of f and 5.
5
Let f = -26 - -44. Calculate the highest common factor of f and 9.
9
Let f be 3*((-340)/(-6))/5. What is the greatest common divisor of f and 68?
34
Let c = 84 - 75. What is the greatest common factor of c and 27?
9
Suppose -2*g + 422 = 5*i, -i - 163 = -3*i + 5*g. Calculate the greatest common factor of i and 12.
12
Let b be 10/(-15) - (-100)/6. Suppose 405 = 3*q + 69. What is the greatest common factor of b and q?
16
Let b = 22 - 28. Let g be 7*3/(-21)*b. What is the highest common divisor of 4 and g?
2
Suppose -578 = -3*w + 4*d - 128, 4*w + 5*d - 600 = 0. Let j = w - 269. Let g = -74 - j. What is the highest common factor of g and 9?
9
Let r = 541 + -1126. Let y be (4/3)/((-10)/r). Let f = y + -23. Calculate the highest common factor of 5 and f.
5
Suppose -4 + 19 = 5*m. Let l be (-3 - (m + -2))/(-2). Suppose -l*f + 0*f + 12 = 0. Calculate the greatest common factor of f and 54.
6
Let l(h) = -h**2 + 3*h + 4. Let z be (-4 + 6)*3/2. Let k be l(z). What is the highest common divisor of k and 1?
1
Let g = -38 + 74. Let o be (-32)/12*6/(-1). Suppose -80 - o = -4*k. Calculate the highest common factor of k and g.
12
Suppose 3*p - 4*m - 8 = 0, -5*p - m = 4*m - 25. Let t(k) = -k - 2. Let q be t(-3). Let w be q + 0 + (0 - -1). What is the greatest common divisor of w and p?
2
Suppose 3*b = 6*b - 3. Suppose -d + 38 = 5*l - 32, 0 = 2*l + 4*d - 10. Let g be 25/3 + (-5)/l. What is the highest common divisor of b and g?
1
Let j(r) be the first derivative of r**2 + r + 1. Let w be j(-2). Let o = 0 - w. What is the highest common divisor of o and 6?
3
Let j = -10 + 23. Let o(p) = -p**3 - 4*p**2 - 9*p - 9. Let d be 40/(-15)*9/4. Let s be o(d). Calculate the highest common divisor of j and s.
13
Let j(h) = h**3 - 8*h**2 + 7*h + 6. Let o be j(7). What is the highest common factor of o and 48?
6
Let f be 1/1*10/1. Let j = -12 + 8. Let b = 6 - j. What is the greatest common divisor of f and b?
10
Suppose 42 = 14*y - 11*y. What is the highest common divisor of 21 and y?
7
Let k(a) = a**2 - 10*a - 6. Let q be k(10). Let m be -4*3/q - -12. Suppose 0 = -5*o + 3*d + 7 + 86, o = -4*d + m. What is the highest common factor of 54 and o?
18
Let u(w) = w. Let a be u(-3). Let n = -41 - -64. Let t be a/((-3)/n) + -2. What is the highest common divisor of t and 3?
3
Suppose 0 = u - 1 - 0. Let v be (8 + u)*12/9. What is the greatest common divisor of 4 and v?
4
Let p = -2 + 4. Suppose p*n + 255 = 7*n. Let d = -16 + n. What is the highest common factor of d and 14?
7
Let k(n) = 4*n**2 - n. Let q be k(-1). Calculate the greatest common divisor of 1 and q.
1
Let c = 131 + -56. Suppose -28 = 5*w - 4*a, 4*a - 13 - 11 = 4*w. Let v be w/6 + 235/15. What is the greatest common factor of v and c?
15
Let m(q) = 3*q + 5. Let y be m(3). What is the highest common divisor of y and 42?
14
Let y be 6/21 - (-120)/21. Calculate the greatest common factor of y and 48.
6
Suppose 4*j + 29 = o + 7*j, 0 = 2*o - j - 65. Suppose -2*w + 149 = -3. Suppose 2*q - o = w. Calculate the highest common factor of 6 and q.
6
Suppose 4*z - 56 = 64. Let l(o) = 3*o**3 - 3*o**2. Let r be l(2). What is the highest common divisor of r and z?
6
Let i be 30/1*(-36)/(-15). Let x(c) = 8*c - 5. Let p be x(4). Suppose 2*a = -a + p. Calculate the greatest common divisor of i and a.
9
Let x be (2/(-4))/((-4)/(-32)). Let s = 12 + x. What is the greatest common factor of 8 and s?
8
Let p = -10 - -80. Calculate the highest common factor of p and 14.
14
Let z be 24/14*189/18. Suppose 15 = d + 2*s, d + 5*s + 3 = 21. Let r = -7 + d. Calculate the highest common divisor of z and r.
6
Suppose 2*d = 4*v + v + 31, -93 = -5*d - 3*v. Let l be ((-2 - -1) + d)*55. Suppose l = 2*t + 3*t. Calculate the highest common factor of 17 and t.
17
Let d(y) = 3*y**2 - 2*y + 3. Let o(v) = 4*v**2 - 3*v + 4. Let j(a) = 3*d(a) - 2*o(a). Let n be j(-8). What is the greatest common divisor of 13 and n?
13
Suppose -2*x + 5*q + 212 = 0, -4*q - 208 = -2*x - 0*q. Suppose -l - 2*z + 6 = 0, -5*z = -3*l + l + 39. Calculate the greatest common factor of x and l.
12
Let c = -13 - -16. Calculate the greatest common divisor of c and 3.
3
Let l(w) = w**3 - w**2 - w + 48. Let s be l(0). Suppose -5*y = 3*p - 48, 3*y + 2*y - 5*p = 80. Calculate the greatest common factor of s and y.
12
Suppose 2*v = -0*v + 6. Suppose 0 = -2*k + v*k - 32. Calculate the greatest common divisor of 4 and k.
4
Let p be (-1)/4 - 34/(-8). Suppose v - 2*n = -4, 8*n = -p*v + 3*n + 23. Suppose 0*d = v*d - 112. Calculate the greatest common divisor of 7 and d.
7
Let v be 72/10 + 3/(-15). What is the highest common divisor of 77 and v?
7
Let m be (-4)/((-16)/(-4))*-4. Suppose t = -t + m. Calculate the greatest common factor of 16 and t.
2
Let u = 29 + -17. What is the greatest common divisor of 3 and u?
3
Suppose -3*q + 2*q - 5*p = -257, 5*q - 2*p = 1204. What is the highest common divisor of q and 22?
22
Let j = -98 +